{"id":8,"date":"2024-03-14T19:29:43","date_gmt":"2024-03-14T19:29:43","guid":{"rendered":"https:\/\/www.dummefische.de\/?page_id=8"},"modified":"2024-11-15T17:43:39","modified_gmt":"2024-11-15T17:43:39","slug":"nachteinspeisung-mit-hoymiles-hm-300","status":"publish","type":"page","link":"https:\/\/www.dummefische.de\/index.php\/nachteinspeisung-mit-hoymiles-hm-300\/","title":{"rendered":"Nachteinspeisung mit Hoymiles HM-300"},"content":{"rendered":"\n<p>Da ich nun schon seit Februar 2022 mein Balkonkraftwerk, bestehend aus einem 370W-Modul mit Hoymiles HM-300 Wechselrichter und einem 405W-Modul mit ebenfalls einem Hoymiles HM-300 betreibe, konnte ich meinen Stromverbrauch am Tag sp\u00fcrbar senken. In der Zeit sind jetzt pro Jahr ca. 700 KWh erzeugt worden. Durch meinen hohen Grundverbrauch und einer Zeitsteuerung von gr\u00f6\u00dferen Verbrauchern, wie Poolpumpe oder Waschmaschinen, sind diese auch zu fast 100% genutzt worden.<\/p>\n\n\n\n<p>Aber der Verbrauch am Abend und in der Nacht war damit nicht zu l\u00f6sen. Durch eine dauerhafte Messung meines Verbrauches \u00fcber alle drei Phasen mittels Shelly 3EM und Speicherung in meinem IOBroker habe ich das lange beobachtet.<\/p>\n\n\n\n<figure class=\"wp-block-image size-full is-resized\"><img loading=\"lazy\" decoding=\"async\" width=\"905\" height=\"297\" src=\"https:\/\/www.dummefische.de\/wp-content\/uploads\/2024\/04\/Verbrauch.png\" alt=\"\" class=\"wp-image-213\" style=\"width:720px;height:auto\" srcset=\"https:\/\/www.dummefische.de\/wp-content\/uploads\/2024\/04\/Verbrauch.png 905w, https:\/\/www.dummefische.de\/wp-content\/uploads\/2024\/04\/Verbrauch-300x98.png 300w, https:\/\/www.dummefische.de\/wp-content\/uploads\/2024\/04\/Verbrauch-768x252.png 768w, https:\/\/www.dummefische.de\/wp-content\/uploads\/2024\/04\/Verbrauch-210x69.png 210w\" sizes=\"auto, (max-width: 905px) 100vw, 905px\" \/><\/figure>\n\n\n\n<p>Im Schnitt w\u00fcrden in der Nacht 150W v\u00f6llig ausreichen um den Gro\u00dfteil des Grundverbrauchs zwischen 19:00 und 09:00 Uhr wegzudr\u00fccken. Die kleinen Spitzen sind f\u00fcr mich nicht wirklich relevant. <\/p>\n\n\n\n<p>14h Laufzeit x 0,150 kW = 2,1 kWh <\/p>\n\n\n\n<p>Ich habe mich viel belesen und bin \u00fcber folgenden Forumseintrag gestolpert: <a href=\"https:\/\/solaranzeige.de\/phpBB3\/viewtopic.php?t=3830\">https:\/\/solaranzeige.de\/phpBB3\/viewtopic.php?t=3830<\/a><\/p>\n\n\n\n<p>Den Hoymiles HM-300 kenne ich ja und da ich zum auslesen der aktuellen Daten meines Balkonkraftwerks die Ahoy-DTU nutze, hat sich das auch angeboten. <\/p>\n\n\n\n<p>Der HM-300 hat als Anlaufspannung f\u00fcr die Solarseite 22V im Datenblatt angegeben. Somit m\u00fcsste ja ein 24V LiFePO4-Akku (mit 25,2V) reichen. Spitzenleistung des MPPT-Reglers im HM-300 liegt aber bei 29 bis 48V. Das ist aber f\u00fcr meine 150W kein Problem. <\/p>\n\n\n\n<p>Als Akku habe ich mich f\u00fcr PowerQueens 25,2V 100Ah LiFePO4-Akku mit integrierten 100A-BMS entschieden. Der Akku ist komplett fertig und wurde trotz Jahreswechsel sehr schnell geliefert.<\/p>\n\n\n\n<p>Wie im Forumsbeitrag erkl\u00e4rt ist es aber nicht so einfach den HM-300 einfach mit einem 24V-Akku zu verbinden ohne einen Schaden zu riskieren. Die Eingangskondensatoren des Wechselrichters auf der Solarseite habe ich Anfangs auch nicht bedacht. Da ich den Wechselrichter aber per Zeitsteuerung ein- und aussschalten m\u00f6chte, sind die Eingangskondensatoren beim einschalten  nach l\u00e4ngerer Zeit auch definitiv entladen. Wenn dann ein LiFePO4-Akku hart angeschalten wird, habe ich sofort einen Kurzschlusseffekt an der Solar-Eingangsseite des Wechselrichters, da er die Kondensatoren erstmal voll aufladen muss. Das ist nicht gesund f\u00fcr die Kondensatoren, wenn da auf einmal 100A flie\u00dfen und eventuell sogar das BMS die Nottrennung vollzieht.<\/p>\n\n\n\n<p>Im Forum wurde dies mit einem Zeitverz\u00f6gerungsrelais und einem Vorwiderstand gel\u00f6st. Gute Idee und vor allem simpel. Ich habe mir also auch eine fertige Platine mit Zeitverz\u00f6gerungsrelais besorgt, musste dann aber feststellen, dass die Leiterbahnen und Kontakte nicht sehr hochwertig und Hochstrombelastbar sind.  Den Aufdruck 10A bei 30V DC am Relais liest man oft, aber bei so d\u00fcnnen Pins habe ich schon meine bedenken, dass da 14h mehrere Ampere durchflie\u00dfen. Es sollte schon sicher sein.<\/p>\n\n\n\n<p>Welchen Vorwiderstand brauche ich denn \u00fcberhaupt?<\/p>\n\n\n\n<p>Im Forum hat man einen 10 Ohm Widerstand genutzt, ich habe es st\u00e4rker begrenzt mittels eines 10 und 8 Ohm Widerstands. Es sind \u00fcbrigens 50W-Leistungswiderst\u00e4nde mit Alu-K\u00fchlk\u00f6rper. Gibt es sehr g\u00fcnstig bei Amazon ab ca. 5\u20ac.<\/p>\n\n\n\n<p>Der Akku hat im vollen Zustand 27,6V und das BMS schaltet glaube bei 23,1V ab.<\/p>\n\n\n\n<p>I=U\/R=27,6V\/(10+8 Ohm) =  27,6V\/18 Ohm = 1,53A<\/p>\n\n\n\n<p>P=U*I=1,53A * 27,6V =42,31W<\/p>\n\n\n\n<p>H\u00e4tte ich mit 10Ohm gearbeitet, h\u00e4tte ich mit 2,76A und daraus resultierenden 76,17W die Widerstandsbelastung \u00fcberschritten. Ja es w\u00e4re nur f\u00fcr wenige Sekunden, aber die Bauteile altern unn\u00f6tig.<\/p>\n\n\n\n<p>Vorwiderstand ist klar mit 10 und 8 Ohm, jetzt brauche eine Zeitsteuerung und die Einschaltverz\u00f6gerung. <\/p>\n\n\n\n<p>Strombelastung der Relais ermitteln:<\/p>\n\n\n\n<p>Der Hoymiles soll mit 150W dauerhaft laufen, dass hei\u00dft ich muss die maximale Stromst\u00e4rke bei fast leerem Akku berechnen. Wandlerverluste lasse ich mal au\u00dfen vor.<\/p>\n\n\n\n<p>F\u00fcr U nehme ich die 23,1V Abschaltspannung des BMS. P sind die 150W des Hoymiles. <\/p>\n\n\n\n<p>I=P\/U = 150W \/ 23,1V = 6,49 A<\/p>\n\n\n\n<p>Da wir keine saubere MPPT-Arbeitspunktermittlung erwarten k\u00f6nnen sollten man die Verluste zumindest grob einkalkulieren. Bei meinem Balkonkraftwerk liegt die Effektivit\u00e4t bei ca. 95% laut der Ahoy-DTU. Wenn ich das hier auch annehme, muss ich das alles noch mit 1,05 multiplizieren.<\/p>\n\n\n\n<p>I=6,49A * 1,1 = 6,81A ~ 7 A<\/p>\n\n\n\n<p>Also 7A Strombelastung \u00fcber 14h, da sollte schon alles gut funktionieren.<\/p>\n\n\n\n<p>Jetzt gibt es aber auch den aller ersten Start und Anschlusstag. Der Hoymiles muss einmal angeschalten werden, wenn er richtig hochgefahren und mit der der Ahoy-DTU verbunden ist, kann ich ihn erst dauerhaft auf 150W runterregeln. Also l\u00e4uft er beim ersten Start mit 300W an und vielleicht will ich die Leistung auch mal erh\u00f6hen.<\/p>\n\n\n\n<p>I=P\/U = 300W \/ 23,1V = 12,99A<\/p>\n\n\n\n<p>Also Relais f\u00fcr 16A Gleichspannung notwendig.<\/p>\n\n\n\n<p>Es geht bald weiter&#8230;<\/p>\n","protected":false},"excerpt":{"rendered":"<p>Da ich nun schon seit Februar 2022 mein Balkonkraftwerk, bestehend aus einem 370W-Modul mit Hoymiles HM-300 Wechselrichter und einem 405W-Modul mit ebenfalls einem Hoymiles HM-300 betreibe, konnte ich meinen Stromverbrauch am Tag sp\u00fcrbar senken. In der Zeit sind jetzt pro Jahr ca. 700 KWh erzeugt worden. Durch meinen hohen Grundverbrauch und einer Zeitsteuerung von gr\u00f6\u00dferen [&hellip;]<\/p>\n","protected":false},"author":1,"featured_media":0,"parent":0,"menu_order":0,"comment_status":"closed","ping_status":"closed","template":"","meta":{"footnotes":""},"class_list":["post-8","page","type-page","status-publish","hentry"],"_links":{"self":[{"href":"https:\/\/www.dummefische.de\/index.php\/wp-json\/wp\/v2\/pages\/8","targetHints":{"allow":["GET"]}}],"collection":[{"href":"https:\/\/www.dummefische.de\/index.php\/wp-json\/wp\/v2\/pages"}],"about":[{"href":"https:\/\/www.dummefische.de\/index.php\/wp-json\/wp\/v2\/types\/page"}],"author":[{"embeddable":true,"href":"https:\/\/www.dummefische.de\/index.php\/wp-json\/wp\/v2\/users\/1"}],"replies":[{"embeddable":true,"href":"https:\/\/www.dummefische.de\/index.php\/wp-json\/wp\/v2\/comments?post=8"}],"version-history":[{"count":4,"href":"https:\/\/www.dummefische.de\/index.php\/wp-json\/wp\/v2\/pages\/8\/revisions"}],"predecessor-version":[{"id":224,"href":"https:\/\/www.dummefische.de\/index.php\/wp-json\/wp\/v2\/pages\/8\/revisions\/224"}],"wp:attachment":[{"href":"https:\/\/www.dummefische.de\/index.php\/wp-json\/wp\/v2\/media?parent=8"}],"curies":[{"name":"wp","href":"https:\/\/api.w.org\/{rel}","templated":true}]}}